8
Calculate the highest common factor of 202200 and 2400.
600
What is the greatest common factor of 33440 and 55220?
220
What is the greatest common divisor of 148977 and 8?
1
Calculate the greatest common factor of 3859 and 24289.
227
What is the highest common divisor of 1440 and 12912?
48
Calculate the highest common factor of 22 and 563266.
22
Calculate the highest common divisor of 21602 and 126.
14
What is the highest common divisor of 1556 and 668?
4
Calculate the greatest common factor of 902 and 7708.
82
What is the greatest common factor of 82 and 8479538?
82
Calculate the highest common divisor of 29325 and 5525.
425
What is the highest common divisor of 128 and 33952?
32
Calculate the greatest common divisor of 126 and 221340.
42
Calculate the greatest common divisor of 34 and 923491.
17
Calculate the highest common factor of 903 and 2499.
21
What is the highest common factor of 921358 and 674?
674
Calculate the greatest common divisor of 1358 and 644.
14
What is the greatest common divisor of 1627752 and 42?
42
Calculate the highest common divisor of 9950 and 2025.
25
What is the greatest common divisor of 55 and 7909?
11
What is the highest common divisor of 1854 and 135136?
206
What is the greatest common divisor of 5 and 344100?
5
Calculate the highest common factor of 9545 and 805.
115
What is the greatest common factor of 1449 and 9591?
69
Calculate the highest common divisor of 128 and 12007552.
128
Calculate the highest common divisor of 1135 and 165483.
227
Calculate the greatest common divisor of 6336544 and 48.
16
Calculate the highest common factor of 3190 and 26730.
110
Calculate the greatest common divisor of 9227 and 1.
1
What is the greatest common divisor of 927735 and 5334?
381
What is the highest common divisor of 141 and 162996?
141
What is the greatest common factor of 91234 and 442?
26
What is the highest common factor of 1551 and 13113?
141
What is the greatest common factor of 22788 and 216?
108
What is the greatest common factor of 1479 and 2601?
51
Calculate the greatest common divisor of 6012 and 18288.
36
Calculate the greatest common factor of 1688229 and 372.
93
What is the greatest common divisor of 976 and 3690744?
488
Calculate the greatest common divisor of 1448 and 1296.
8
What is the greatest common factor of 409366 and 62340?
2078
What is the highest common factor of 4324855 and 1975?
395
What is the greatest common divisor of 70 and 15920240?
70
What is the greatest common factor of 40256 and 408?
136
Calculate the highest common divisor of 735 and 64932.
21
Calculate the greatest common divisor of 333418 and 188.
94
What is the highest common divisor of 2745 and 2115?
45
Calculate the highest common factor of 8 and 31.
1
Calculate the highest common factor of 5015 and 425.
85
What is the highest common factor of 8626 and 93070?
454
Calculate the highest common factor of 168495 and 16215.
705
What is the highest common factor of 616 and 3982?
22
What is the greatest common factor of 64 and 700744?
8
Calculate the greatest common factor of 93996 and 2688.
84
Calculate the greatest common divisor of 221 and 4692.
17
What is the highest common factor of 56 and 9632?
56
Calculate the highest common divisor of 1441 and 1969.
11
Calculate the highest common factor of 330687 and 10317.
543
Calculate the greatest common factor of 997305 and 2040.
255
Calculate the greatest common divisor of 1628550 and 462.
462
What is the greatest common factor of 18327 and 9536?
149
What is the greatest common factor of 7721938 and 566?
566
What is the greatest common factor of 437851 and 69?
23
What is the greatest common factor of 23792 and 4096?
16
What is the greatest common divisor of 4272 and 801?
267
What is the highest common divisor of 29250 and 20150?
650
Calculate the greatest common factor of 57 and 465519.
57
What is the highest common factor of 33269 and 721?
103
Calculate the highest common factor of 602 and 1118.
86
What is the greatest common factor of 92636 and 12?
4
What is the highest common factor of 24420 and 25740?
660
What is the highest common factor of 588 and 79968?
588
Calculate the greatest common divisor of 314075 and 85.
85
Calculate the greatest common factor of 35620 and 503475.
685
Calculate the highest common factor of 143 and 112739.
11
What is the greatest common factor of 3560 and 2020?
20
Calculate the highest common divisor of 64727 and 11873.
383
Calculate the highest common divisor of 22035 and 260.
65
Calculate the highest common divisor of 2326478 and 616.
154
What is the greatest common divisor of 13062 and 2982?
42
Calculate the greatest common divisor of 27904 and 60604.
436
What is the greatest common factor of 42328 and 63778?
286
Calculate the greatest common factor of 644 and 8165.
23
Calculate the greatest common factor of 146280 and 207.
69
Calculate the highest common divisor of 58554 and 54.
18
Calculate the greatest common factor of 3688364 and 652.
652
Calculate the greatest common divisor of 729 and 2376.
27
Calculate the greatest common divisor of 31 and 126821.
31
Calculate the highest common factor of 5164 and 268.
4
What is the greatest common divisor of 1195532 and 52?
52
What is the highest common divisor of 1021410 and 65?
65
What is the highest common factor of 59 and 6269281?
59
Calculate the highest common factor of 546 and 521430.
546
Calculate the highest common divisor of 53156 and 1096.
548
Calculate the highest common factor of 225 and 9117.
9
What is the highest common divisor of 80 and 174380?
20
What is the highest common factor of 25390417 and 13?
13
Calculate the greatest common factor of 61095 and 40.
5
Calculate the greatest common factor of 274 and 21646.
274
Calculate the greatest common factor of 20 and 1246840.
20
Calculate the greatest common factor of 716 and 2304625.
179
Calculate the greatest common factor of 7746455 and 71.
71
Calculate the highest common factor of 192240 and 9504.
432
What is the highest common factor of 30 and 4139700?
30
What is the highest common divisor of 6707 and 14193?
19
What is the greatest common factor of 290 and 50810?
10
What is the greatest common divisor of 1430 and 99242?
286
What is the highest common factor of 40790 and 10?
10
Calculate the highest common factor of 88907 and 364.
91
Calculate the highest common divisor of 58482 and 162.
162
What is the highest common factor of 7384 and 446164?
284
What is the greatest common divisor of 1353238 and 222?
74
Calculate the greatest common factor of 688 and 160003.
43
Calculate the highest common factor of 110 and 1735.
5
What is the highest common factor of 99384 and 909?
303
What is the highest common factor of 1101 and 1383223?
367
Calculate the greatest common divisor of 3068 and 5428.
236
Calculate the highest common divisor of 58905 and 4488.
561
Calculate the greatest common divisor of 2144 and 36752.
16
What is the greatest common divisor of 442 and 450?
2
Calculate the highest common divisor of 96256 and 24816.
752
What is the greatest common factor of 162723 and 22?
11
Calculate the greatest common divisor of 91 and 6838.
13
What is the highest common factor of 3922 and 216558?
106
What is the highest common factor of 175162 and 26?
26
What is the highest common divisor of 1328 and 429608?
664
What is the greatest common factor of 90 and 7460?
10
Calculate the greatest common factor of 128025 and 225.
225
What is the greatest common divisor of 618850 and 50?
50
What is the greatest common factor of 1188 and 4548?
12
What is the greatest common factor of 43 and 11622341?
43
What is the highest common divisor of 3395 and 1688770?
485
Calculate the highest common factor of 108 and 21072.
12
Calculate the greatest common factor of 194 and 16.
2
What is the highest common divisor of 6341 and 85?
17
What is the greatest common divisor of 42 and 23706?
6
What is the highest common factor of 1749 and 3490421?
583
Calculate the highest common factor of 5022 and 1170.
18
What is the highest common divisor of 60 and 276810?
30
Calculate the highest common divisor of 20020 and 126.
14
What is the highest common divisor of 569608 and 104?
104
What is the greatest common divisor of 101105 and 1460?
365
Calculate the highest common factor of 283950 